5)?
-17
-13 + 18 + -22 + -4 + 3 + 6
-12
What is the value of (31 - 61) + 55 - (-1 + -11)?
37
Evaluate -1 - (8 + -2) - (-10 + 4).
-1
What is -2 - (-4 - 35) - (1 + 2 - 4)?
38
What is the value of -37 - 15 - -22 - (2 + -2 + -7)?
-23
What is the value of (-398 - -381) + (-6 - (0 - -1))?
-24
Evaluate (22 - (-1 - -4)) + -30 + 20.
9
Calculate (10 - (11 + 2 + -12)) + 0 + 0.
9
Calculate -259 + 272 - (3 + 11).
-1
What is the value of -16 - (2 + (11 - 26))?
-3
What is the value of 13 - (11 + -3) - (-2 - -1) - 1?
5
11 - (-2 + -3) - -1 - (8 + -1)
10
What is -11 - (-13 + (16 - 18))?
4
What is 14 + (-5 - -1) + 4 + -4?
10
What is (-26 - -3 - -3) + (-10 - (-5 + -8))?
-17
Evaluate -17 + (35 - 33) - -20.
5
What is -3 + 10 + (-16 - (-11 + 6))?
-4
12 - 17 - -5 - -26 - 10
16
What is -11 + 33 + -15 + -17?
-10
Calculate -2 - ((42 - 18) + -32 - (0 - -1)).
7
What is the value of -20 - -34 - 24 - -19?
9
What is 36 - (24 + 3 + 5)?
4
-23 - (35 + (3 - 37))
-24
-29 + 11 - (-29 - -14)
-3
Calculate -23 + 23 + -1 + -9.
-10
What is the value of 4 + (13 - 7 - 10) - 2?
-2
Calculate (-390 - -398) + (-6 - (0 + 1)) + 1.
2
What is 8 - (2 - (5 + 4 + -10))?
5
Calculate -39 + (-1 - (-32 + 13)).
-21
What is the value of 10 + (-10 - -1) + (2 - -1)?
4
(-17 - -64) + -97 + 62
12
Calculate (-12 - 0) + (-11 - -37).
14
What is 23 + -24 + 31 + -21?
9
What is 6 + (-11 - -12) - (9 - 1)?
-1
Calculate (-11 - 1) + -56 + 8 + 82.
22
14 + -27 + 12 + 8
7
-10 - (-4 - (5 - 3 - (3 - 3)))
-4
What is (7 - (-1 + 3)) + 17 + -12?
10
What is the value of (196 - 196) + -2 + 1 + (1 - -7)?
7
Calculate -6 + (8 + -20 - -21).
3
What is the value of -2 - (17 - (7 + 5))?
-7
What is the value of 8 - (1 + 17 + -19 + (2 - 10))?
17
-14 + (-14 - (-8 - 8)) - 0
-12
Calculate 19 + -16 + 0 + -11.
-8
What is the value of (19 - 50) + 23 - (-3 - 1)?
-4
What is the value of (20 - ((7 - 5) + 7)) + (0 - -4)?
15
Evaluate (-2 - 1) + -2 - (21 + -16).
-10
What is -2 - 0 - (13 + -5 + -1)?
-9
Calculate (44 - 61) + 10 + -1.
-8
-20 + -4 + 1 + 20
-3
What is the value of -1 - (-2 + -4 - (4 - (7 + -2)))?
4
6 - -1 - (-35 - -29)
13
(5 - (3 - -9 - (14 + -19))) + -5
-17
What is the value of 14 - (-10 + 10 - 4)?
18
What is the value of -10 - (-3 + 12 + -7 - 28)?
16
What is -4 + (4 - 7 - -17 - -4)?
14
Calculate (6 - -8 - 5 - 7) + (-3 - -7).
6
-1 - (-4 + (-24 - -17))
10
What is 15 + 8 - (-1 - -21)?
3
Evaluate -33 + 17 + 5 + 37.
26
-22 + 0 + (-1665 - -1702)
15
Evaluate -50 - ((-43 - 27) + 27).
-7
What is the value of 24 + 6 - (5 + (-5 - (3 + -9)))?
24
What is the value of 4 - -1 - 33 - (-14 + 10 - 5)?
-19
What is the value of -3 + 1 + (4 - 5) + (4 - -1)?
2
Calculate -2 + (-23 - -10) - -6.
-9
((0 - 0) + 0 - 0) + (1587 - 1568)
19
-14 + (5 + -20 + 8 - -3)
-18
What is -8 + 9 + (2 - 14)?
-11
Calculate (4 - (4 + (-3 - -2))) + (78 - 83).
-4
What is (0 - -3 - (20 + (-8 - -1))) + 7?
-3
What is (-16 - (-2 + 20)) + -1?
-35
What is the value of 12 + -30 - (-34 + 20)?
-4
What is -8 - ((6 - 7) + (3 - 12) + 8)?
-6
(2 - 1 - (219 - 203)) + 12
-3
What is the value of 0 + (-3 - (-20 - -7 - -4)) + 1?
7
What is the value of -12 - (16 + -2 + (-5 - 7))?
-14
What is the value of -1 - 22 - (1621 - 1623)?
-21
Calculate -26 - (-1 + -7 + -4 + 33 + -12).
-35
Calculate 6 + -2 - (3 + -30) - 6 - 3.
22
What is the value of -73 - (-123 + 71) - (0 - 4)?
-17
Evaluate 392 + -393 - (11 - 1).
-11
Calculate 16 - 14 - 5 - (-23 + -1).
21
Evaluate -17 + (-44 - -40) + -1 + 5 - 2.
-19
Evaluate -8 - (3 + -2) - (-731 - -736).
-14
What is -23 - 15 - -13 - -18?
-7
-2 + -27 + 13 + 12
-4
Evaluate 41 + 8 + -41 + -1 + -23.
-16
-6 + 11 + 11 - 38
-22
What is the value of (-5 - -18 - 1) + -26 + 10 + 15?
11
Calculate -4 + (-5 + 14 - -1) - (-4 - -1).
9
Evaluate (22 - 24) + 15 - 37.
-24
What is the value of -38 + (-4 - (0 + -13)) + 4?
-25
Evaluate (20 - 3) + ((1 - -4) + -14 - -4).
12
Evaluate 0 - 18 - (-119 - -102).
-1
What is -7 + 1 - (10 - (14 - 7)) - 13?
-22
What is the value of (-5 - -41) + 11 + -19?
28
(13 - -53) + -14 + -19
33
What is the value of 5 - (-1 + 5) - (-41 + 52)?
-10
38 - (15 + 24 - 9)
8
What is 16 - (-2 + 11) - 11?
-4
Evaluate (13 - 4) + -2 + -8.
-1
Evaluate -6 - (-22 - (8 + -20)).
4
What is the value of 22 + 5 + -47 - -23?
3
What is the value of 7 + (12 - (9 - 7)) - 11?
6
Evaluate 3 - (5 - -5) - (-2 - 2 - 3).
0
-2 - 1 - (43 - 18 - 16)
-12
Evaluate (-18 - -7) + (34 - 5).
18
Evaluate -21 - (18 + -10 + -7) - 10.
-32
What is 1 + -3 + -2 + -9 + 26 + -22?
-9
7 + -1 + (-361 - -370)
15
What is the value of (-7 + 6 - 1) + (22 - 17)?
3
Evaluate (13 - (26 - 2)) + 5.
-6
Evaluate 10 + (19 - 0) + (-3 - 7).
19
Calculate (-4 - (8 - 8 - 5)) + (12 - 1).
12
What is the value of 4 - (40 + -42) - (-2 - 0)?
8
What is -19 + (-2 - (7 - (11 + -1))) + 5?
-13
Calculate -20 - ((30 - 15) + -23).
-12
(-2 - -7) + 2 - 8 - 3 - -1
-3
Evaluate -21 + 4 - (-12 + -5).
0
Calculate -9 - (40 + 1 - (7 + 8)).
-35
18 + -7 + 1 + -6
6
What is 4 - (4 + -1 + 1)?
0
Evaluate (217 - 212) + 1 + (2 - 1) + 2.
9
Calculate (2 - (0 + -2)) + (-34 - -23) + -7.
-14
What is 10 + 11 + 9 + -9 + -11 - 8?
2
Calculate -10 - ((-1 - 17) + -3 + -6).
17
What is the value of -2 + -1 - (-153 + 171)?
-21
Evaluate (6 - 0) + (-9 - (-20 - -2)).
15
(-28 + -5 - -17) + (-1 - -12)
-5
Evaluate -3 - (-6 - 9 - -15).
-3
5 + (23 - 32) + -1 + -5 - 4
-14
Calculate -66 + 68 + -5 + -6.
-9
Calculate -15 + 9 + (-10 - -13).
-3
What is the value of -40 + 1 + 60 + -38?
-17
Calculate -1 + (-6 - -23 - 7) - (-1 - -33).
-23
Calculate -185 + 184 - (23 - 1).
-23
Calculate 26 - (-37 - -23 - -49).
-9
37 + -45 + 18 + 12
22
What is the value of (11 + (-15 - -31) - 9) + 1 + 0?
19
What is the value of (6 - 1) + (-15 - (-6 + 4 + 8))?
-16
Calculate 3 + 4 - (-26 - (22 + -51)).
4
Calculate 56 + (8 - 56) + (-48 - (1 - 4)).
-37
Evaluate 15 + -2 - ((20 - 14) + -6 - 3).
16
Evaluate (7 - -1) + (-13 - -14) - (-17 + 30).
-4
4 - (22 - 26 - 10)
18
Evaluate -67 + 37 + (-2 + 0 + 3 - 0).
-29
-18 + 42 + -8 + -2
14
Evaluate -5 - (0 + 23 - 16).
-12
Calculate (-5 - -13 - 15) + (53 - 29).
17
What is 8 + -1 + -16 + -22 + 9?
-22
0 + -4 + -2 + 0 + 20
14
What is -20 + 10 + -5 - (1 + 2)?
-18
Evaluate (0 + 15 - 10) + (-12 - 0).
-7
Calculate (-11 + 7 - -11) + -7.
0
(8 - (5 + -15)) + 1 + -11
8
What is the value of (-14 - 8) + (4 - -8 - 8 - -1)?
-17
What is 1 + 50 + -36 + (5 - 6)?
14
What is -18 + 15 - (0 + (0 - (-1 - 0)))?
-4
Evaluate (20 - 0) + 1 + (-11 - -3 - 0).
13
What is -7 + (-29 + 48 - (-1 + 16))?
-3
Calculate -3 + 10 + -4 - 13 - (2 + -39).
27
Calculate (15 + -7 - (-15 - -31)) + -1 + 10.
1
What is -9 + -6 + (9 - (3 + 0)) + 4?
-5
What is the value of (-36 - -37) + (-11 - -2)?
-8
Evaluate (-15 - -4) + (-25 - -54).
18
What is the value of (-8 - (-4 + -2 - -2)) + 4 + -8?
-8
Calculate -6 - (-13 + 14 - 2) - -8.
3
5 - (1 - (-3 - -11 - 15))
-3
What is the value of -17 + 8 - (-14 - 5)?
10
What is the value of -23 + 10 + -24 + 28?
-9
456 + -439 - (1 - 2)
18
Calculate (0 - (1 - (5 + -8) - -4)) + -5.
-13
What is the value of 20 - (8 + 8) - (0 + 11 - -3)?
-10
What is the value of 12 + 19 + -51 + 5?
-15
Calculate -3 - 13 - (19 + 0 + -30).
-5
What is the value of 2 + -11 - (2 + -13 + -26 - -5)?
23
1 + 2 + ((5 - 1) + -38 - -10)
-21
(-5 - -2) + 8 - (2 + -3 + 2)
4
5 + -4 + 0 + 5 + 0
6
What is 21 + -20 + 20 + -6?
15
Evaluate -15 + -20 + 23 + 22.
10
Calculate -2 + -1 + (5 - 2) + -4 + 5.
1
Calculate -14 - (16 - 41) - 64 - -20.
-33
What is (-22 + 19 - -14) + 2?
13
(1 - 9) + (-289 - -295)
-2
(-22 - -36) + -22 + 3
-5
2 + (-4 - -11) + 9 + -14
4
What is the value of -2 + (-5 - (3 + -7 - (-2 + 3)))?
-2
Calculate 20 + -8 + (49 + -42 - (-2 + 2)).
19
-4 + -2 + -2 + 11 + 22 + -34
-9
13 + (7 - 9) - (-6 + 17 + -6)
6
Calculate 23 - 26 - (-8 + 0) - (-1 + -1).
7
What is the value of 12 + -1 - (-954 - -982)?
-17
Evaluate -7 + -13 + 20 + 3 + 14.
17
-22 - -61 - (5 - -1)
33
What is the value of -7 + -1 - -2 - (-46 - -34)?
6
Calculate -26 - (24 - (-24 + 71)).
-3
What is -1 + -2 - (34 - (48 - 15))?
-4
Evaluate (-15 - -15) + (-10 - -27).
17
(0 - -9) + (-3 - 1)
5
7 + (-23 - -5) + 14 + -30 + 15
-12
Evaluate 170 - 192 - (-8 + -1).
-13
Calculate -66 + 91 + (1 - 3).
23
Calculate (0 - 1) + -23 - (298 - 298) - -9.
-15
What is -12 - 1 - (-28 + (-25 - -43))?
-3
-13 + (-17 - -32) + (-2 - -11)
11
What is 12 + (17 - 25 - 6)?
-2
What is (-27 - -16) + (-7 - -24)?
6
Eval